?
5, 1123
List the prime factors of 21817.
21817
List the prime factors of 3125.
5
List the prime factors of 6066.
2, 3, 337
What are the prime factors of 4246?
2, 11, 193
What are the prime factors of 7798?
2, 7, 557
What are the prime factors of 950?
2, 5, 19
List the prime factors of 545.
5, 109
List the prime factors of 547.
547
List the prime factors of 12188.
2, 11, 277
List the prime factors of 868.
2, 7, 31
What are the prime factors of 4059?
3, 11, 41
List the prime factors of 35733.
3, 43, 277
List the prime factors of 379.
379
List the prime factors of 641.
641
What are the prime factors of 9096?
2, 3, 379
List the prime factors of 7139.
11, 59
List the prime factors of 1735.
5, 347
List the prime factors of 9013.
9013
What are the prime factors of 65?
5, 13
List the prime factors of 5383.
7, 769
What are the prime factors of 3827?
43, 89
What are the prime factors of 27077?
27077
List the prime factors of 1075.
5, 43
What are the prime factors of 813?
3, 271
List the prime factors of 121.
11
List the prime factors of 21290.
2, 5, 2129
What are the prime factors of 1182?
2, 3, 197
What are the prime factors of 4797?
3, 13, 41
What are the prime factors of 4960?
2, 5, 31
What are the prime factors of 74593?
97, 769
What are the prime factors of 6984?
2, 3, 97
List the prime factors of 4368.
2, 3, 7, 13
List the prime factors of 493.
17, 29
What are the prime factors of 195?
3, 5, 13
What are the prime factors of 63029?
63029
What are the prime factors of 1264?
2, 79
What are the prime factors of 272?
2, 17
What are the prime factors of 1195?
5, 239
List the prime factors of 125307.
3, 7, 13, 17
What are the prime factors of 14643?
3, 1627
What are the prime factors of 17831?
11, 1621
List the prime factors of 767.
13, 59
List the prime factors of 2436.
2, 3, 7, 29
List the prime factors of 8052.
2, 3, 11, 61
List the prime factors of 22031.
22031
List the prime factors of 5876.
2, 13, 113
List the prime factors of 183.
3, 61
What are the prime factors of 128096?
2, 4003
List the prime factors of 2955.
3, 5, 197
What are the prime factors of 62569?
13, 4813
What are the prime factors of 16999?
89, 191
List the prime factors of 364.
2, 7, 13
List the prime factors of 51166.
2, 25583
List the prime factors of 23355.
3, 5, 173
List the prime factors of 304.
2, 19
List the prime factors of 60688.
2, 3793
What are the prime factors of 239?
239
What are the prime factors of 2512?
2, 157
What are the prime factors of 106850?
2, 5, 2137
What are the prime factors of 2890?
2, 5, 17
List the prime factors of 76405.
5, 7, 37, 59
List the prime factors of 3023.
3023
What are the prime factors of 43631?
7, 23, 271
List the prime factors of 2749.
2749
List the prime factors of 19988.
2, 19, 263
What are the prime factors of 1822?
2, 911
List the prime factors of 657.
3, 73
List the prime factors of 9426.
2, 3, 1571
What are the prime factors of 2942?
2, 1471
List the prime factors of 343.
7
List the prime factors of 85021.
85021
List the prime factors of 796.
2, 199
What are the prime factors of 3939?
3, 13, 101
List the prime factors of 911.
911
What are the prime factors of 10950?
2, 3, 5, 73
List the prime factors of 2844.
2, 3, 79
List the prime factors of 1264.
2, 79
List the prime factors of 60.
2, 3, 5
List the prime factors of 2247.
3, 7, 107
List the prime factors of 107151.
3, 11, 17, 191
What are the prime factors of 2095?
5, 419
What are the prime factors of 23845?
5, 19, 251
List the prime factors of 27274.
2, 13, 1049
List the prime factors of 53832.
2, 3, 2243
List the prime factors of 274.
2, 137
What are the prime factors of 96704?
2, 1511
What are the prime factors of 1439?
1439
What are the prime factors of 16731?
3, 11, 13
What are the prime factors of 7619?
19, 401
What are the prime factors of 825?
3, 5, 11
What are the prime factors of 5033?
7, 719
What are the prime factors of 1457?
31, 47
List the prime factors of 25071.
3, 61, 137
What are the prime factors of 17623?
17623
List the prime factors of 24292.
2, 6073
What are the prime factors of 17898?
2, 3, 19, 157
What are the prime factors of 226?
2, 113
List the prime factors of 5291.
11, 13, 37
What are the prime factors of 9799?
41, 239
What are the prime factors of 73574?
2, 36787
What are the prime factors of 2137?
2137
What are the prime factors of 1147?
31, 37
What are the prime factors of 28572?
2, 3, 2381
What are the prime factors of 2071?
19, 109
What are the prime factors of 5036?
2, 1259
List the prime factors of 2145.
3, 5, 11, 13
List the prime factors of 7287.
3, 7, 347
What are the prime factors of 6373?
6373
List the prime factors of 26996.
2, 17, 397
What are the prime factors of 6576?
2, 3, 137
What are the prime factors of 6403?
19, 337
List the prime factors of 11570.
2, 5, 13, 89
What are the prime factors of 12635?
5, 7, 19
What are the prime factors of 959?
7, 137
List the prime factors of 9550.
2, 5, 191
What are the prime factors of 2433?
3, 811
List the prime factors of 30565.
5, 6113
List the prime factors of 8593.
13, 661
List the prime factors of 32583.
3, 10861
What are the prime factors of 193?
193
What are the prime factors of 131914?
2, 65957
What are the prime factors of 190448?
2, 11903
What are the prime factors of 541?
541
What are the prime factors of 18019?
37, 487
List the prime factors of 4978.
2, 19, 131
List the prime factors of 64504.
2, 11, 733
What are the prime factors of 38938?
2, 19469
What are the prime factors of 3763?
53, 71
What are the prime factors of 34631?
34631
What are the prime factors of 31?
31
What are the prime factors of 4261?
4261
What are the prime factors of 143382?
2, 3, 23, 1039
What are the prime factors of 5418?
2, 3, 7, 43
What are the prime factors of 25737?
3, 23, 373
List the prime factors of 59703.
3, 7, 2843
What are the prime factors of 6659?
6659
List the prime factors of 1026.
2, 3, 19
What are the prime factors of 599?
599
List the prime factors of 704.
2, 11
List the prime factors of 1619.
1619
List the prime factors of 9328.
2, 11, 53
What are the prime factors of 34668?
2, 3, 107
List the prime factors of 9033.
3, 3011
What are the prime factors of 23485?
5, 7, 11, 61
List the prime factors of 1763.
41, 43
What are the prime factors of 73?
73
What are the prime factors of 6171?
3, 11, 17
What are the prime factors of 6033?
3, 2011
List the prime factors of 495.
3, 5, 11
List the prime factors of 268.
2, 67
List the prime factors of 85618.
2, 13, 37, 89
List the prime factors of 2325.
3, 5, 31
List the prime factors of 42099.
3, 14033
What are the prime factors of 4965?
3, 5, 331
What are the prime factors of 1878?
2, 3, 313
What are the prime factors of 1201?
1201
List the prime factors of 2314.
2, 13, 89
What are the prime factors of 21935?
5, 41, 107
List the prime factors of 2759.
31, 89
List the prime factors of 1026.
2, 3, 19
What are the prime factors of 18725?
5, 7, 107
List the prime factors of 319.
11, 29
List the prime factors of 1082.
2, 541
List the prime factors of 4573.
17, 269
What are the prime factors of 9108?
2, 3, 11, 23
List the prime factors of 309.
3, 103
What are the prime factors of 3996?
2, 3, 37
List the prime factors of 9887.
9887
What are the prime factors of 8875?
5, 71
What are the prime factors of 11259?
3, 139
What are the prime factors of 1858?
2, 929
What are the prime factors of 171586?
2, 85793
What are the prime factors of 643?
643
What are the prime factors of 4207?
7, 601
What are the prime factors of 4295?
5, 859
What are the prime factors of 57245?
5, 107
What are the prime factors of 48979?
7, 6997
List the prime factors of 1269.
3, 47
What are the prime factors of 152147?
152147
List the prime factors of 7020.
2, 3, 5, 13
List the prime factors of 42582.
2, 3, 47, 151
What are the prime factors of 577?
577
What are the prime factors of 4353?
3, 1451
List the prime factors of 21723.
3, 13, 557
What are the prime factors of 4465?
5, 19, 47
What are the prime factors of 9381?
3, 53, 59
List the prime factors of 2746.
2, 1373
What are the prime factors of 139758?
2, 3, 23293
What are the prime factors of 4304?
2, 269
What are the prime factors of 2147?
19, 113
List the prime factors of 2534.
2, 7, 181
What are the prime factors of 131610?
2, 3, 